{"id":15,"date":"2021-12-31T07:44:33","date_gmt":"2021-12-31T06:44:33","guid":{"rendered":"https:\/\/www.inu.cz\/barton\/?page_id=15"},"modified":"2022-02-12T01:39:27","modified_gmt":"2022-02-12T00:39:27","slug":"reklamace","status":"publish","type":"page","link":"https:\/\/www.inu.cz\/barton\/reklamace\/","title":{"rendered":"Obchodn\u00ed podm\u00ednky, reklamace a vr\u00e1cen\u00ed zbo\u017e\u00ed"},"content":{"rendered":"<div class=\"wp-block-group\"><div class=\"wp-block-group__inner-container is-layout-flow wp-block-group-is-layout-flow\"><h2 class=\"wp-block-heading\" id=\"soubory-cookie\"><strong>Soubory Cookie<\/strong><\/h2>\n\n<p>Na\u0161e webov\u00e9 str\u00e1nky nevyu\u017e\u00edvaj\u00ed soubory Cookie. <br><\/p>\n\n<h2 class=\"wp-block-heading\" id=\"obchodni-podminky\"><strong><mark style=\"background-color:rgba(0, 0, 0, 0)\" class=\"has-inline-color has-black-color\">Obchodn\u00ed podm\u00ednky<\/mark><\/strong><\/h2>\n\n<p>V Nab\u00eddce si pros\u00edm vyberte kategorii, klepn\u011bte na vybran\u00fd produkt a na tla\u010d\u00edtko V\u00fdb\u011br mo\u017enost\u00ed<br>Po v\u00fdb\u011bru velikosti a typu p\u0159ejd\u011bte do Ko\u0161\u00edku a n\u00e1sledn\u011b k Pokladn\u011b. Vypl\u0148te svoje \u00fadaje a ode\u0161lete objedn\u00e1vku. Registrace je dobrovoln\u00e1, objedn\u00e1vat m\u016f\u017eete i bez n\u00ed<\/p>\n\n<p>Po odesl\u00e1n\u00ed obdr\u017e\u00edte okam\u017eit\u011b <strong>1. Email<\/strong> &#8211; Potvrzen\u00ed Objedn\u00e1vky s platebn\u00edmi \u00fadaji a <strong>p\u0159ilo\u017een\u00fdm QR k\u00f3dem<\/strong><br>Po zaplacen\u00ed obdr\u017e\u00edte <strong>2. Email<\/strong> &#8211; Potvrzen\u00ed s <strong>p\u0159ilo\u017eenou fakturou<\/strong><br>P\u0159i odesl\u00e1n\u00ed objedn\u00e1vky <strong>3. Email<\/strong> s informac\u00ed o odesl\u00e1n\u00ed zbo\u017e\u00ed k V\u00e1m.<\/p>\n\n<hr class=\"wp-block-separator is-style-wide\"\/>\n\n<p>My nech\u00e1me v\u0161e vyrobit a ode\u0161leme na Va\u0161\u00ed adresu. B\u011b\u017en\u00e1 doba dod\u00e1n\u00ed je do 14 dn\u016f od zaplacen\u00ed<br>V p\u0159\u00edpad\u011b jin\u00fdch po\u017eadavk\u016f pi\u0161te na adresu rosta.barton@seznam.cz<br><strong>Odli\u0161n\u00e9 rozm\u011bry nebo jin\u00e1 p\u0159\u00e1n\u00ed, napi\u0161te pros\u00edm do pozn\u00e1mek u objedn\u00e1vky<\/strong><br><strong>Nejsme pl\u00e1tci DPH<\/strong><\/p>\n\n<h2 class=\"wp-block-heading\" id=\"vraceni-zbozi-podle-obcanskeho-zakoniku\"><strong>Vr\u00e1cen\u00ed zbo\u017e\u00ed podle ob\u010dansk\u00e9ho z\u00e1kon\u00edku<\/strong><\/h2>\n\n<p>Na\u0161e nab\u00eddka vr\u00e1cen\u00ed pen\u011bz za vr\u00e1cen\u00e9 zbo\u017e\u00ed je omezen\u00e1 t\u00edm, \u017ee je v\u0161e vyr\u00e1b\u011bno na zak\u00e1zku. Pokud bylo zbo\u017e\u00ed p\u0159ed prodejem upraveno, nen\u00ed mo\u017en\u00e9 jej bez uveden\u00ed d\u016fvodu vr\u00e1tit ve lh\u016ft\u011b 14 dn\u00ed.<\/p>\n\n<h2 class=\"wp-block-heading\" id=\"vymena-vadneho-zbozi\"><strong>V\u00fdm\u011bna vadn\u00e9ho zbo\u017e\u00ed<\/strong><\/h2>\n\n<p>Polo\u017eky V\u00e1m vym\u011bn\u00edm pouze v p\u0159\u00edpad\u011b, \u017ee jsou vadn\u00e9 nebo po\u0161kozen\u00e9. Pokud ji pot\u0159ebujete vym\u011bnit za stejnou polo\u017eku, po\u0161lete n\u00e1m e-mail na adresu&nbsp;<strong>rosta.barton@seznam.cz<\/strong>&nbsp;a za\u0161lete polo\u017eku na adresu:&nbsp;<strong>Rostislav Barto\u0148, 56401&nbsp;\u010cesk\u00e9 Petrovice 159<\/strong>. N\u00e1klady na po\u0161tovn\u00e9 hrad\u00ed EShop.<\/p>\n\n<h2 class=\"wp-block-heading\" id=\"potrebujete-pomoc\"><strong>Pot\u0159ebujete pomoc?<\/strong><\/h2>\n\n<p>M\u00e1te-li dotazy t\u00fdkaj\u00edc\u00ed se vr\u00e1cen\u00ed pen\u011bz a vracen\u00ed zbo\u017e\u00ed, kontaktujte n\u00e1s na adrese&nbsp;<strong>rosta.barton@seznam.cz<\/strong><\/p><\/div><\/div>","protected":false},"excerpt":{"rendered":"<p>Soubory Cookie Na\u0161e webov\u00e9 str\u00e1nky nevyu\u017e\u00edvaj\u00ed soubory Cookie. Obchodn\u00ed podm\u00ednky V Nab\u00eddce si pros\u00edm vyberte kategorii, klepn\u011bte na vybran\u00fd produkt a na tla\u010d\u00edtko V\u00fdb\u011br mo\u017enost\u00edPo v\u00fdb\u011bru velikosti a typu p\u0159ejd\u011bte do Ko\u0161\u00edku a n\u00e1sledn\u011b k Pokladn\u011b. Vypl\u0148te svoje \u00fadaje a ode\u0161lete objedn\u00e1vku. Registrace je dobrovoln\u00e1, objedn\u00e1vat m\u016f\u017eete i bez n\u00ed Po odesl\u00e1n\u00ed obdr\u017e\u00edte okam\u017eit\u011b 1. Email &#8211; Potvrzen\u00ed Objedn\u00e1vky s platebn\u00edmi \u00fadaji a p\u0159ilo\u017een\u00fdm QR k\u00f3demPo zaplacen\u00ed obdr\u017e\u00edte 2. Email &#8211; Potvrzen\u00ed s p\u0159ilo\u017eenou fakturouP\u0159i odesl\u00e1n\u00ed objedn\u00e1vky 3. Email s informac\u00ed o odesl\u00e1n\u00ed zbo\u017e\u00ed k V\u00e1m. My nech\u00e1me v\u0161e vyrobit a ode\u0161leme na Va\u0161\u00ed adresu. B\u011b\u017en\u00e1 doba dod\u00e1n\u00ed je do 14 dn\u016f od zaplacen\u00edV p\u0159\u00edpad\u011b jin\u00fdch po\u017eadavk\u016f pi\u0161te na adresu rosta.barton@seznam.czOdli\u0161n\u00e9 rozm\u011bry nebo jin\u00e1 p\u0159\u00e1n\u00ed, napi\u0161te pros\u00edm do pozn\u00e1mek u objedn\u00e1vkyNejsme pl\u00e1tci DPH Vr\u00e1cen\u00ed zbo\u017e\u00ed podle ob\u010dansk\u00e9ho z\u00e1kon\u00edku Na\u0161e nab\u00eddka vr\u00e1cen\u00ed pen\u011bz za vr\u00e1cen\u00e9 zbo\u017e\u00ed je omezen\u00e1 t\u00edm, \u017ee je v\u0161e vyr\u00e1b\u011bno na zak\u00e1zku. Pokud bylo zbo\u017e\u00ed p\u0159ed prodejem upraveno, nen\u00ed mo\u017en\u00e9 jej bez uveden\u00ed d\u016fvodu vr\u00e1tit ve lh\u016ft\u011b 14 dn\u00ed. V\u00fdm\u011bna vadn\u00e9ho zbo\u017e\u00ed Polo\u017eky V\u00e1m vym\u011bn\u00edm pouze v p\u0159\u00edpad\u011b, \u017ee jsou vadn\u00e9 nebo po\u0161kozen\u00e9. Pokud ji pot\u0159ebujete vym\u011bnit za stejnou polo\u017eku, po\u0161lete n\u00e1m e-mail na adresu&nbsp;rosta.barton@seznam.cz&nbsp;a za\u0161lete polo\u017eku na adresu:&nbsp;Rostislav Barto\u0148, 56401&nbsp;\u010cesk\u00e9 Petrovice 159. N\u00e1klady na po\u0161tovn\u00e9 hrad\u00ed EShop. Pot\u0159ebujete pomoc? M\u00e1te-li dotazy t\u00fdkaj\u00edc\u00ed se vr\u00e1cen\u00ed pen\u011bz a vracen\u00ed zbo\u017e\u00ed, kontaktujte n\u00e1s na adrese&nbsp;rosta.barton@seznam.cz<\/p>\n","protected":false},"author":1,"featured_media":0,"parent":0,"menu_order":0,"comment_status":"closed","ping_status":"closed","template":"","meta":{"footnotes":""},"class_list":["post-15","page","type-page","status-publish","hentry"],"acf":[],"_links":{"self":[{"href":"https:\/\/www.inu.cz\/barton\/wp-json\/wp\/v2\/pages\/15"}],"collection":[{"href":"https:\/\/www.inu.cz\/barton\/wp-json\/wp\/v2\/pages"}],"about":[{"href":"https:\/\/www.inu.cz\/barton\/wp-json\/wp\/v2\/types\/page"}],"author":[{"embeddable":true,"href":"https:\/\/www.inu.cz\/barton\/wp-json\/wp\/v2\/users\/1"}],"replies":[{"embeddable":true,"href":"https:\/\/www.inu.cz\/barton\/wp-json\/wp\/v2\/comments?post=15"}],"version-history":[{"count":0,"href":"https:\/\/www.inu.cz\/barton\/wp-json\/wp\/v2\/pages\/15\/revisions"}],"wp:attachment":[{"href":"https:\/\/www.inu.cz\/barton\/wp-json\/wp\/v2\/media?parent=15"}],"curies":[{"name":"wp","href":"https:\/\/api.w.org\/{rel}","templated":true}]}}