{"id":6543,"date":"2022-03-11T19:06:37","date_gmt":"2022-03-11T18:06:37","guid":{"rendered":"https:\/\/www.inu.cz\/barton\/?page_id=6543"},"modified":"2022-03-11T19:06:41","modified_gmt":"2022-03-11T18:06:41","slug":"hrnicky","status":"publish","type":"page","link":"https:\/\/www.inu.cz\/barton\/hrnicky\/","title":{"rendered":"Hrn\u00ed\u010dky"},"content":{"rendered":"<div data-block-name=\"woocommerce\/product-category\" data-categories=\"[185]\" class=\"wc-block-grid wp-block-product-category wp-block-woocommerce-product-category wc-block-product-category has-3-columns has-multiple-rows\"><ul class=\"wc-block-grid__products\"><li class=\"wc-block-grid__product\">\n\t\t\t\t<a href=\"https:\/\/www.inu.cz\/barton\/produkt\/hrad-litice-hrnicek\/\" class=\"wc-block-grid__product-link\">\n\t\t\t\t\t\n\t\t\t\t\t<div class=\"wc-block-grid__product-image\"><img fetchpriority=\"high\" decoding=\"async\" width=\"500\" height=\"313\" src=\"https:\/\/www.inu.cz\/barton\/wp-content\/uploads\/DSC_8074-500x313.jpg\" class=\"attachment-woocommerce_thumbnail size-woocommerce_thumbnail\" alt=\"hrad Litice\" \/><\/div>\n\t\t\t\t\t<div class=\"wc-block-grid__product-title\">hrad Litice<\/div>\n\t\t\t\t<\/a>\n\t\t\t\t<div class=\"wc-block-grid__product-price price\"><span class=\"woocommerce-Price-amount amount\">249&nbsp;<span class=\"woocommerce-Price-currencySymbol\">&#075;&#269;<\/span><\/span><\/div>\n\t\t\t\t\n\t\t\t\t<div class=\"wp-block-button wc-block-grid__product-add-to-cart\"><a href=\"?add-to-cart=6560\" aria-label=\"P\u0159idat do ko\u0161\u00edku: &ldquo;hrad Litice&rdquo;\" data-quantity=\"1\" data-product_id=\"6560\" data-product_sku=\"982396\" data-price=\"249\" rel=\"nofollow\" class=\"wp-block-button__link  add_to_cart_button ajax_add_to_cart\">P\u0159idat do ko\u0161\u00edku<\/a><\/div>\n\t\t\t<\/li><li class=\"wc-block-grid__product\">\n\t\t\t\t<a href=\"https:\/\/www.inu.cz\/barton\/produkt\/neratov-kostel-nanebevzeti-panny-marie-hrnicek\/\" class=\"wc-block-grid__product-link\">\n\t\t\t\t\t\n\t\t\t\t\t<div class=\"wc-block-grid__product-image\"><img decoding=\"async\" width=\"500\" height=\"313\" src=\"https:\/\/www.inu.cz\/barton\/wp-content\/uploads\/DSC_8075-500x313.jpg\" class=\"attachment-woocommerce_thumbnail size-woocommerce_thumbnail\" alt=\"Neratov - kostel Nanebevzet\u00ed Panny Marie\" \/><\/div>\n\t\t\t\t\t<div class=\"wc-block-grid__product-title\">Neratov &#8211; kostel Nanebevzet\u00ed Panny Marie<\/div>\n\t\t\t\t<\/a>\n\t\t\t\t<div class=\"wc-block-grid__product-price price\"><span class=\"woocommerce-Price-amount amount\">249&nbsp;<span class=\"woocommerce-Price-currencySymbol\">&#075;&#269;<\/span><\/span><\/div>\n\t\t\t\t\n\t\t\t\t<div class=\"wp-block-button wc-block-grid__product-add-to-cart\"><a href=\"https:\/\/www.inu.cz\/barton\/produkt\/neratov-kostel-nanebevzeti-panny-marie-hrnicek\/\" aria-label=\"Zjistit v\u00edce o &bdquo;Neratov - kostel Nanebevzet\u00ed Panny Marie&ldquo;\" data-quantity=\"1\" data-product_id=\"6559\" data-product_sku=\"835696\" data-price=\"249\" rel=\"nofollow\" class=\"wp-block-button__link  add_to_cart_button\">\u010ct\u011bte v\u00edce<\/a><\/div>\n\t\t\t<\/li><li class=\"wc-block-grid__product\">\n\t\t\t\t<a href=\"https:\/\/www.inu.cz\/barton\/produkt\/hrad-potstejn-hrnicek\/\" class=\"wc-block-grid__product-link\">\n\t\t\t\t\t\n\t\t\t\t\t<div class=\"wc-block-grid__product-image\"><img decoding=\"async\" width=\"500\" height=\"313\" src=\"https:\/\/www.inu.cz\/barton\/wp-content\/uploads\/DSC_8076-500x313.jpg\" class=\"attachment-woocommerce_thumbnail size-woocommerce_thumbnail\" alt=\"hrad Pot\u0161tejn\" \/><\/div>\n\t\t\t\t\t<div class=\"wc-block-grid__product-title\">hrad Pot\u0161tejn<\/div>\n\t\t\t\t<\/a>\n\t\t\t\t<div class=\"wc-block-grid__product-price price\"><span class=\"woocommerce-Price-amount amount\">249&nbsp;<span class=\"woocommerce-Price-currencySymbol\">&#075;&#269;<\/span><\/span><\/div>\n\t\t\t\t\n\t\t\t\t<div class=\"wp-block-button wc-block-grid__product-add-to-cart\"><a href=\"?add-to-cart=6558\" aria-label=\"P\u0159idat do ko\u0161\u00edku: &ldquo;hrad Pot\u0161tejn&rdquo;\" data-quantity=\"1\" data-product_id=\"6558\" data-product_sku=\"997564\" data-price=\"249\" rel=\"nofollow\" class=\"wp-block-button__link  add_to_cart_button ajax_add_to_cart\">P\u0159idat do ko\u0161\u00edku<\/a><\/div>\n\t\t\t<\/li><li class=\"wc-block-grid__product\">\n\t\t\t\t<a href=\"https:\/\/www.inu.cz\/barton\/produkt\/jedlova-kostel-sv-matouse-hrnicek\/\" class=\"wc-block-grid__product-link\">\n\t\t\t\t\t\n\t\t\t\t\t<div class=\"wc-block-grid__product-image\"><img loading=\"lazy\" decoding=\"async\" width=\"500\" height=\"313\" src=\"https:\/\/www.inu.cz\/barton\/wp-content\/uploads\/DSC_8077-500x313.jpg\" class=\"attachment-woocommerce_thumbnail size-woocommerce_thumbnail\" alt=\"Jedlov\u00e1 - kostel sv. Matou\u0161e\" \/><\/div>\n\t\t\t\t\t<div class=\"wc-block-grid__product-title\">Jedlov\u00e1 &#8211; kostel sv. Matou\u0161e<\/div>\n\t\t\t\t<\/a>\n\t\t\t\t<div class=\"wc-block-grid__product-price price\"><span class=\"woocommerce-Price-amount amount\">249&nbsp;<span class=\"woocommerce-Price-currencySymbol\">&#075;&#269;<\/span><\/span><\/div>\n\t\t\t\t\n\t\t\t\t<div class=\"wp-block-button wc-block-grid__product-add-to-cart\"><a href=\"?add-to-cart=6557\" aria-label=\"P\u0159idat do ko\u0161\u00edku: &ldquo;Jedlov\u00e1 - kostel sv. Matou\u0161e&rdquo;\" data-quantity=\"1\" data-product_id=\"6557\" data-product_sku=\"982765\" data-price=\"249\" rel=\"nofollow\" class=\"wp-block-button__link  add_to_cart_button ajax_add_to_cart\">P\u0159idat do ko\u0161\u00edku<\/a><\/div>\n\t\t\t<\/li><li class=\"wc-block-grid__product\">\n\t\t\t\t<a href=\"https:\/\/www.inu.cz\/barton\/produkt\/vrchni-orlice-2\/\" class=\"wc-block-grid__product-link\">\n\t\t\t\t\t\n\t\t\t\t\t<div class=\"wc-block-grid__product-image\"><img loading=\"lazy\" decoding=\"async\" width=\"500\" height=\"313\" src=\"https:\/\/www.inu.cz\/barton\/wp-content\/uploads\/vrchni_orlice-500x313.jpg\" class=\"attachment-woocommerce_thumbnail size-woocommerce_thumbnail\" alt=\"Vrchn\u00ed Orlice\" \/><\/div>\n\t\t\t\t\t<div class=\"wc-block-grid__product-title\">Vrchn\u00ed Orlice<\/div>\n\t\t\t\t<\/a>\n\t\t\t\t<div class=\"wc-block-grid__product-price price\"><span class=\"woocommerce-Price-amount amount\">249&nbsp;<span class=\"woocommerce-Price-currencySymbol\">&#075;&#269;<\/span><\/span><\/div>\n\t\t\t\t\n\t\t\t\t<div class=\"wp-block-button wc-block-grid__product-add-to-cart\"><a href=\"?add-to-cart=6546\" aria-label=\"P\u0159idat do ko\u0161\u00edku: &ldquo;Vrchn\u00ed Orlice&rdquo;\" data-quantity=\"1\" data-product_id=\"6546\" data-product_sku=\"221517\" data-price=\"249\" rel=\"nofollow\" class=\"wp-block-button__link  add_to_cart_button ajax_add_to_cart\">P\u0159idat do ko\u0161\u00edku<\/a><\/div>\n\t\t\t<\/li><\/ul><\/div>","protected":false},"excerpt":{"rendered":"","protected":false},"author":1,"featured_media":0,"parent":0,"menu_order":0,"comment_status":"closed","ping_status":"closed","template":"","meta":{"footnotes":""},"class_list":["post-6543","page","type-page","status-publish","hentry"],"acf":[],"_links":{"self":[{"href":"https:\/\/www.inu.cz\/barton\/wp-json\/wp\/v2\/pages\/6543"}],"collection":[{"href":"https:\/\/www.inu.cz\/barton\/wp-json\/wp\/v2\/pages"}],"about":[{"href":"https:\/\/www.inu.cz\/barton\/wp-json\/wp\/v2\/types\/page"}],"author":[{"embeddable":true,"href":"https:\/\/www.inu.cz\/barton\/wp-json\/wp\/v2\/users\/1"}],"replies":[{"embeddable":true,"href":"https:\/\/www.inu.cz\/barton\/wp-json\/wp\/v2\/comments?post=6543"}],"version-history":[{"count":0,"href":"https:\/\/www.inu.cz\/barton\/wp-json\/wp\/v2\/pages\/6543\/revisions"}],"wp:attachment":[{"href":"https:\/\/www.inu.cz\/barton\/wp-json\/wp\/v2\/media?parent=6543"}],"curies":[{"name":"wp","href":"https:\/\/api.w.org\/{rel}","templated":true}]}}